ltiple of 10?
False
Let m be (3/2)/(3/6). Suppose -2*o - 2 = -m*o. Suppose -2*b + 27 + 16 = 5*k, 0 = -2*b - o. Does 9 divide k?
True
Let c(q) = q + q - 5 + 4. Is 2 a factor of c(3)?
False
Suppose -4*s + 2*b = -474, 3*s - 3*b - 451 = -97. Is 10 a factor of s?
False
Let z(d) = 2*d - 5. Let l be z(5). Suppose -4*a + 76 = -4*f - 0*f, f = l*a - 75. Is a a multiple of 4?
False
Let w(s) = s**3 + 6*s**2 - s + 7. Let x(a) = a + 1. Let q be x(9). Suppose -5*g = -3*n - 23 - q, 0 = 3*n + 3*g + 9. Is w(n) a multiple of 13?
True
Let s be 18 + (1 + -1 - 0). Let n = 40 - s. Is 4 a factor of (-1 + n)/(3/2)?
False
Let f be (-16)/56*(-7)/1. Suppose -46 - 30 = -f*w. Does 19 divide w?
True
Let o = 137 - 111. Is 13 a factor of o?
True
Suppose -4*t - 59 = -3*q, -10 = -q + 3*t + 13. Does 17 divide q?
True
Let l(a) = -227*a - 10. Let j(x) = 151*x + 7. Let c(y) = 7*j(y) + 5*l(y). Is 21 a factor of c(-1)?
False
Suppose 42 = q + w, -2*q + 0*w - w = -86. Is q a multiple of 11?
True
Let q = -32 + 92. Does 15 divide q?
True
Let c(l) = -l**3 - 6*l**2 + 9*l + 3. Let o be c(-7). Let a(x) = -x**3 - 12*x**2 - 2*x - 3. Let t be a(-12). Let j = t + o. Is j a multiple of 5?
True
Suppose 0 = -0*q - 2*q. Suppose 4*s = -q*s + 120. Is s a multiple of 15?
True
Suppose -32 = -u + 83. Suppose u = 4*r + r. Does 14 divide r?
False
Let p = 220 + -121. Is 30 a factor of p?
False
Let s(b) be the second derivative of b**4/6 + 5*b**3/3 + 5*b**2/2 - b. Does 12 divide s(-7)?
False
Suppose -7 + 3 = -4*v, -2*v = -5*z + 763. Is 17 a factor of z?
True
Suppose -2*a + 178 = -38. Is a a multiple of 9?
True
Let d(n) = 7 - 7*n + n**2 + 0*n - n. Suppose -2*j + 0 + 16 = 0. Is d(j) a multiple of 6?
False
Suppose 13 = -5*t + 128. Is 4 a factor of t?
False
Let f be (1*2)/(14/91). Suppose -27 - f = -2*u - g, 5*u - 97 = -g. Does 19 divide u?
True
Suppose -y = -5*y. Let j be y*2/(4/2). Suppose -2*k - 14 + 84 = j. Is k a multiple of 19?
False
Suppose -3*y + 245 + 74 = 2*m, 4*m = y - 83. Is y a multiple of 13?
False
Suppose -3*a = w - 21, 0*w = -2*a - w + 15. Suppose -g - 3 = -a. Suppose -x + 21 = 2*k - 7, g*k + 4*x = 52. Is 4 a factor of k?
True
Does 24 divide (27 + -45)*14/(-6)?
False
Suppose 2*o = 3*n - 4*n + 123, n - 5*o = 109. Is n a multiple of 17?
True
Let f = 15 - 10. Suppose 0 = -f*v + 4*y + 58, 0 = y - 1 - 2. Is 14 a factor of v?
True
Let u be -3 - (-6 - 0)/(-2). Let p = u - -20. Is 9 a factor of 246/p + 15/35?
True
Let d(b) = -b**3 - 6*b**2 + 3*b - 2. Suppose -2*w + 7 = -3*w. Does 18 divide d(w)?
False
Let n(d) = -94*d - 2. Is 4 a factor of n(-1)?
True
Suppose -2*w = -w - 2*j - 13, 0 = 5*w + 5*j - 125. Let x = 39 - w. Does 10 divide x?
False
Let d(m) = 67*m - 3. Does 25 divide d(1)?
False
Suppose 5*b + 143 = -j + 623, 2*b + 5*j - 192 = 0. Let h = -19 - 29. Let c = b + h. Is 22 a factor of c?
False
Suppose 3*r + 36 = -0. Let m be (-48)/r*(-6)/8. Is m/5 + 66/10 even?
True
Let g be (1 - 2)/(8/(-48)). Suppose 10 = 4*u - g. Is 4 a factor of u?
True
Does 49 divide ((-6)/15 - (-1227)/5) + 0?
True
Suppose -123 = -4*j - 3*x, 2*j + x - 113 = -2*j. Is j a multiple of 9?
True
Let l(t) = -t**2 - 9*t + 4. Let x be l(-9). Is 2 a factor of 2/x*(4 + 18)?
False
Let x(w) = 42*w. Is 14 a factor of x(1)?
True
Suppose 5*v - 2 = -72. Let b be (-40)/7*(-56)/16. Let z = b + v. Does 3 divide z?
True
Let x = 5 - -66. Is 9 a factor of x?
False
Let m = 209 - 139. Is m a multiple of 10?
True
Does 15 divide (-538)/(-9) + (-8)/(-36)?
True
Let v = -7 - 2. Is 12/v*(-21 - 0) a multiple of 14?
True
Let f(g) = -2*g**2 + 8*g - 4. Let w(i) = i**2 - 7*i + 5. Let q(o) = 2*f(o) + 3*w(o). Does 7 divide q(-5)?
True
Let n = -8 - -10. Is 4 a factor of (4/10)/(n/40)?
True
Suppose 0 = 3*k + 3*u - 147, 211 = 4*k - 0*k - u. Is 26 a factor of k?
True
Suppose 4*n = 9 - 1, -2*n = -4*g + 220. Is 18 a factor of g?
False
Let j be 2 + (-2 - -110)/(-3). Let q = -7 - j. Is q a multiple of 11?
False
Suppose -3*o = -5*o + 8. Let g(k) = 3*k - 1. Let f be g(o). Suppose 0*q + f = q. Does 11 divide q?
True
Let k be -4 - (-11)/(1 - 2). Let j = -2 + 5. Is j/(1*(-1)/k) a multiple of 15?
True
Let c = 63 - 40. Suppose -c = -4*p + 21. Does 5 divide p?
False
Suppose 5*d - 3*q - 129 = 0, d - 2*d + 4*q = -36. Let a = d + -15. Is a a multiple of 3?
True
Let h = -1 - 0. Let t(v) = -27*v**3 - 2*v**2 - 1. Let s(i) = -28*i**3 - 2*i**2 - 2. Let r(j) = -2*s(j) + 3*t(j). Does 12 divide r(h)?
True
Suppose -56 = 2*h + 5*a, -3*a + 60 = -2*h - 2*h. Is 10 a factor of (-4)/h + 194/18?
False
Let y(v) be the first derivative of v**2 + 4*v - 4. Let z be y(-4). Does 4 divide 46/4 + (-2)/z?
True
Let r(j) = -j**3 + 7*j**2 - 9*j + 4. Let t be r(6). Let g = -3 - t. Does 3 divide g?
False
Let r(b) = b**2 - 3*b + 1. Is r(5) a multiple of 3?
False
Let s = 9 + -7. Suppose 2*c - 136 = -s*c. Does 20 divide c?
False
Let k be 32/10 - 1/5. Let v be -2*k/(-6 - -3). Suppose v*s - 35 = -3*s. Is s a multiple of 3?
False
Let g(y) = y**2 - 3*y + 2. Does 6 divide g(7)?
True
Suppose a = -3*h + 4*a + 24, h - 8 = -a. Suppose -5*k + 22 = 3*q - 10, 2*q = h. Suppose 3*l + 5 = k*l. Is l a multiple of 4?
False
Suppose 3*y - 11 = 1, 3*y = -5*k + 87. Is k a multiple of 10?
False
Let w be ((-4)/6)/2*-123. Let n = -21 + w. Suppose 0 = -4*a + 5*p + 45, 5*a - n = 2*a + p. Does 5 divide a?
True
Let x = -7 - -12. Let n be -1 + x - 0/(-4). Suppose -45 = -9*o + n*o. Is 5 a factor of o?
False
Let u(i) = 5*i**3 + 4*i - 3. Does 15 divide u(2)?
True
Suppose v + 4 = -5*n + 2*n, v + 5*n + 8 = 0. Suppose -2*s + v*j = -30, -j = 3*s - 0*j - 57. Does 15 divide s?
False
Let y = -8 - -9. Is 2 a factor of (-7)/2*(y - 3)?
False
Let u be 170/(-3)*(-36)/15. Suppose -2*v + u = 3*i + 12, -4*i + 170 = -2*v. Suppose i = 3*c - 3*b, -5*b + 25 = -0. Is 11 a factor of c?
False
Let z = 2 + -1. Let h(b) = 6*b**2 + b + b - z + b**3 - 4. Does 6 divide h(-5)?
False
Suppose -2 = 2*a - 6. Suppose -268 = -4*w - 4*n, -a*n - 2*n = -20. Is 16 a factor of w?
False
Let z(u) = 12*u. Let a(j) = -3*j. Let c(p) = 9*a(p) + 2*z(p). Does 4 divide c(-4)?
True
Suppose w - 3 = 2*w. Let s = 5 - w. Does 3 divide s?
False
Let s(t) = -133*t**3 + t. Let a be s(-1). Is 20 a factor of (-2)/(a/(-124) + 1)?
False
Let t = -49 + 73. Is 24 a factor of t?
True
Let t(l) = -l**2 + 8*l + 12. Let w be t(9). Suppose 3*g - 27 = 5*f, -23 = -5*g - w*f + 22. Is 5 a factor of g?
False
Let f = 13 + -11. Suppose 9 = h + l, l + l + 26 = f*h. Is h a multiple of 11?
True
Suppose 0 = -d - 2*d + 3*i + 147, -4*i - 142 = -3*d. Does 12 divide d?
False
Suppose 8 = -2*j, 4*u - 21 = 3*j - 1. Let l(s) = 24*s - 2. Let v be l(u). Suppose 0 = -3*r + v - 1. Is r a multiple of 15?
True
Suppose -2*g = -4*g. Suppose g = -6*j + 2*j + 124. Let s = j + -15. Is s a multiple of 8?
True
Let v(u) = -u + 0*u - 3*u + 1. Let c be v(-1). Suppose -24 - 1 = -5*q - c*r, 4*q - 19 = -5*r. Is q a multiple of 4?
False
Let p(s) be the second derivative of s**6/180 + s**5/20 + s**4/24 + s**3/3 - s. Let h(t) be the second derivative of p(t). Is h(-6) a multiple of 20?
False
Let t be 4/10*(-980)/(-4). Suppose 6*g - 4*a = g + t, -a + 69 = 3*g. Does 6 divide g?
False
Let h(p) = -p**3 - p**2 + 6*p + 4. Let c be (3 + -6)/(3/4). Is 14 a factor of h(c)?
True
Let y be 2/8 - 62/(-8). Let n(f) = f**3 - 7*f**2 - 3*f - 6. Let h be n(y). Suppose -4 = 3*k - h. Does 7 divide k?
False
Let k(b) = -b - 8. Let q be k(-10). Suppose -q*c = c - 72. Is 14 a factor of c?
False
Does 19 divide 38*(3/(-2))/(-1)?
True
Let n = 71 + -29. Suppose -q - n = -3*q. Is 14 a factor of q?
False
Suppose g - p - 5 = 0, -5*g + 2 + 23 = 5*p. Suppose -g*z = -35 + 10. Suppose -2*c + l = -0*c - 33, z*l = -15. Is c a multiple of 9?
False
Let a = -91 - -104. Is a even?
False
Suppose 4*i - 21 = -2*l + 37, 2*i + 2*l = 30. Suppose -15*s + 7 = -i*s. Is s a multiple of 2?
False
Does 43 divide 79 + 5 - 4/(-2)?
True
Let j(l) = 14*l - 21. Is j(5) a multiple of 7?
True
Suppose 0*v - 88 = -2*v. Suppose -3*t + 0*o = 2*o + 28, o = -4*t - v. Is 19 a factor of 226/6 - 4/t?
True
Let j = 7 - -1. Let g(f) = f + 14. Let d(x) = 2*x + 15. Let i(w) = -2*d(w) + 3*g(w). Is i(j) a multiple of 2?
True
Let x(s) = 2*s**2 - 1 + 2*s**2 + 6*s + 0*s**2 - 3*s**2. Is x(-7) a multiple of 3?
True
Suppose x = 3*a - 1073, -4*x = 4*a - 0*a - 1404. Is a a multiple of 31?
False
Let w = 35 - 19. Suppose -w - 32 = -d - t, 5*